the greatest common factor of 42 and k.
21
Let i(n) be the first derivative of 13*n**2/2 + 82*n - 254. Let w be i(-5). What is the highest common divisor of 391 and w?
17
Let k(t) = -6*t**3 - 2*t**2 - t + 136. Let b be k(0). What is the highest common factor of 6 and b?
2
Let n be (2/(-4))/(3/(-30)). Suppose 0 = 5*a - 4*m - 16, 6*a + 2*m = n*a + 6. Let f = -66 + 70. Calculate the greatest common divisor of a and f.
4
Let q(u) = 2*u**2 - u - 7. Let w = 33 + -32. Let v(b) = 1. Let y(o) = w*q(o) + 3*v(o). Let c be y(-4). What is the greatest common factor of 16 and c?
16
Suppose 7*q = 4*q - 18, j + 3*q = 391. Calculate the greatest common divisor of 3 and j.
1
Suppose 4*l - 1236 = -4*k, 2*k = -4*l + 3*k + 1241. What is the greatest common factor of l and 62?
62
Let z = 4055 + -3760. What is the greatest common divisor of z and 767?
59
Let t = 58 + 239. Let o(r) = -6*r + 15. Let p be (-3)/(((-6)/20)/((-6)/30)). Let l be o(p). What is the greatest common divisor of t and l?
27
Let h(n) = -n**3 - 54*n**2 - 23*n + 186. Let m be h(-54). Calculate the highest common factor of m and 12.
12
Suppose 2*y - 3 = b - 0, 2*b = 2*y + 2. Let x(h) = 3*h + 16. Let g be x(0). Calculate the highest common factor of g and y.
4
Let l(y) = -y**3 + 9*y**2 + 13*y - 20. Let p be l(10). Suppose 0 = v - 3*t - 101, t = 3*v - 146 - 181. Calculate the greatest common factor of v and p.
10
Suppose -28*n - 5741 = -12013. Calculate the greatest common factor of n and 161.
7
Suppose 9677*f - 9694*f = -8789. What is the greatest common factor of 451 and f?
11
Let m be (369/12 + 0)/((-7)/(-28)). Suppose -5*b - 3*n = -288, 3*n - m = -3*b + 51. What is the greatest common divisor of b and 3?
3
Suppose j = -4*o + 272, -5*o - 23*j + 339 = -22*j. What is the greatest common factor of 10117 and o?
67
Let c(k) = -k**3 - 5*k**2 + 13*k - 5. Let z be c(-7). Let m be z/5 + 10404/90. Suppose 7*v - m + 18 = 0. Calculate the highest common divisor of v and 2.
2
Suppose -2*q - r = -30, 0 = -0*q + 2*q + 5*r - 22. Suppose -3*p = -p - 8, p = 5*c - q. Let s be c/(-8)*-2*75. What is the highest common factor of s and 30?
15
Let g = 13170 - 12903. Calculate the highest common factor of 3471 and g.
267
Let t be (-9)/(-36) - (-4)/24*(-57714)/(-4). Calculate the greatest common factor of 629 and t.
37
Let u = -13 + 83. Suppose -a - a + u = 0. Let n = a + -25. What is the greatest common divisor of n and 4?
2
Suppose -1265 = -5*h + 4*k + 80, 1077 = 4*h - 3*k. Let o = h + -80. Let b = o - 40. Calculate the greatest common factor of b and 9.
9
Let q = -1493 - -525. Let i be q/(-12) + 10/30. Calculate the highest common factor of 3 and i.
3
Suppose 7*s - 915 + 47 = 0. Suppose -2*m + 3*h + s = -0*m, -m + 80 = 3*h. What is the greatest common divisor of 170 and m?
34
Let g be (15 - 4904/(-24))/(2*2/12). What is the greatest common factor of 154 and g?
14
Suppose 3*r = -3*d + 75, -5*d = -2*d - 4*r - 47. Suppose 12*n + 1215 = d*n. Suppose 7*y + 54 = 8*y. Calculate the highest common divisor of y and n.
27
Suppose 2*w + 3*w = 100. Let v be -5*2/w*-4. Suppose -v*u = -553 + 49. Calculate the highest common divisor of 28 and u.
28
Suppose 58 = -60*i + 7*i + 1118. Calculate the greatest common divisor of i and 24.
4
Suppose -18*d = -14*d - 16. Suppose 0*f + 0*f = -d*f. Let n = f + 12. What is the greatest common factor of 60 and n?
12
Let s be (1496/6 + 0)/(77/924). Calculate the greatest common factor of 170 and s.
34
Suppose 5*g - 1616 = l, 2*l - 26*g + 3256 = -22*g. Let x be (-280)/(-45) - 6 - l/9. Calculate the highest common factor of 14 and x.
14
Let r(x) = -2*x**2 + 15*x - 4. Let m be r(7). Let b be (-3 + 14/(-6))*m. Let t = b - -28. What is the highest common divisor of 3 and t?
3
Suppose -41*q + 5*j = -36*q - 180, 48 = q + 2*j. Calculate the highest common factor of 2840 and q.
40
Let y(f) = f**3 + 4*f**2 - 22*f - 3. Let x be y(-7). Suppose t - x*b + 323 = 2*t, 5*b = -t + 324. What is the highest common divisor of t and 29?
29
Let z be 2/(-4) + (-838)/4. Let v = 381 + z. Calculate the highest common divisor of 9 and v.
9
Let f be -7 - (2 + (-1916 - 6)) - (11 - 8). Calculate the highest common divisor of f and 10.
10
Let c = -150 - -260. Suppose d - c = -q - 2*q, 190 = 2*d - 4*q. Let m = d - 67. Calculate the highest common divisor of m and 51.
17
Suppose 0 = -53*l + 39*l + 4536. What is the greatest common factor of l and 2349?
81
Let l = 4 + 1. Suppose 689 + 61 = l*n. What is the greatest common divisor of n and 60?
30
Let x be 240/14*(-21)/(-2)*(-1)/(-4). Let l(z) = -45*z. Let g be l(-1). Suppose 5*u + 0*u - g = 0. What is the highest common divisor of x and u?
9
Suppose -2*r + 2*q = 4*q - 266, -q - 665 = -5*r. Suppose 6*f = 7*f - 7. Suppose -11*c = -f*c - 28. Calculate the highest common factor of c and r.
7
Let y be 42/(-4)*(-12 - 0). Let g(a) = -a + 23. Let k be g(17). Suppose 0*n = k*n - y. Calculate the highest common divisor of n and 14.
7
Let q(v) = v**2 + 17. Let u be q(0). Suppose 439*h + 76 = 404*h + 2456. What is the greatest common divisor of h and u?
17
Let h(g) = -27*g**3 - 2*g**2 + 21*g + 13598. Let d be h(0). Calculate the greatest common divisor of d and 26.
26
Let f = 35 + -44. Let c be 3/f - 1*(-1)/3. Suppose 0 = 2*r + 2, 2*w - r - 283 = -c*w. What is the greatest common factor of 47 and w?
47
Let n = 40 - 36. Suppose n*p - 612 = 1292. Let k be (-1)/(-2) - p/(-8). Calculate the highest common factor of k and 24.
12
Let y = 25 + 43. Let x = y + -64. Suppose -153 = -x*w + 107. What is the greatest common factor of w and 26?
13
Suppose -2*i + 9 = d, -14 - 4 = i - 4*d. Suppose 0 = 8*g - 13*g - 25, i*h - 4*g = 132. What is the greatest common factor of h and 616?
56
Let p = 5960 - 5520. Calculate the highest common factor of 30 and p.
10
Suppose 7*i - 6*i = 44. Suppose -3*p = 5*l + 155, 0 = l + 1 - 0. Let n = p + 160. Calculate the greatest common factor of i and n.
22
Let a be 4/(-10) - (-62)/5. Suppose -8 = -5*y + a. Suppose -f - 111 + 131 = 0. What is the greatest common factor of y and f?
4
Let u(y) = 56*y**2 + 1618*y - 94. Let w be u(-29). What is the highest common factor of w and 2810?
10
Let k(i) = -73*i - 1372. Let y be k(-21). Calculate the highest common divisor of 920 and y.
23
Let w(o) = 5*o**3 - 4*o**2 + 16*o - 9. Let r be w(3). Let h = 2 + 4. Calculate the highest common divisor of h and r.
6
Let n be -5*3/6*-4. Let h be 1 + -1 + (4 - 0). Suppose -3*l - h*s = -27 + 3, 31 = 4*l + 5*s. Calculate the greatest common factor of n and l.
2
Let j be ((-16)/(-3))/(((-84)/5742)/(-7)). Suppose -19*h + j = 10*h. What is the greatest common factor of h and 220?
44
Suppose x + 16*n - 18*n = 14, -39 = -x - 3*n. Let o = -116 - -244. What is the greatest common factor of o and x?
8
Let j(r) = r**3 - 17*r**2 + 34*r - 40. Let s be j(15). Let c be 7 - (2 + 4)/3. What is the greatest common factor of c and s?
5
Suppose -48 = 4*t + 2*y - 134, 2*t + 2*y = 38. Suppose -7*v + 408 = -5*v. Calculate the highest common factor of t and v.
12
Let r = -5465 + 5995. Calculate the greatest common factor of r and 80.
10
Let c = -17768 + 18782. What is the highest common divisor of c and 104?
26
Suppose 2*a = -3*k - 29 + 46, 0 = -4*k - 2*a + 22. What is the highest common divisor of 23640 and k?
5
Let n(w) = -w**2 + 9*w - 17. Let a be n(4). Let i be -3 + -1 + a - (-2)/(-1). Let r = i + 59. What is the highest common factor of r and 4?
4
Let y be (-116 - -3638) + -1 + 14. What is the greatest common divisor of y and 105?
35
Suppose 3*x + 87 = 5*c, -4*c + 73 = 5*x - 4. What is the highest common divisor of 2817 and c?
9
Suppose 5*g + 1383 = 2*p, -26*p = -30*p + 3*g + 2801. What is the highest common divisor of 594 and p?
22
Let h(f) = 10*f**2 + 13*f - 6. Let k be h(-3). Calculate the highest common factor of k and 465.
15
Suppose 7832 = 34*y + 33*y + 1132. What is the highest common divisor of 4175 and y?
25
Let r be -2*(-13044)/21 - (60/14 + -4). What is the highest common divisor of 135 and r?
27
Suppose 3*o = 2*c + 3, -5*c + 13 = -2. Let m be (104/(-20))/(o/15). Let u = m + 43. What is the highest common factor of u and 187?
17
Suppose -3*r + 2*l + 4 + 4 = 0, 11 = 4*r - 3*l. Let s = -7 - -7. Let v be 2*(s - (-7)/7). Calculate the greatest common factor of r and v.
2
Suppose -70 + 910 = 124*q - 1144. Let m(n